)?
10
Let i(d) = -5*d**2 - 12*d - 26. Let b(k) = -6*k**2 - 13*k - 29. Let z(y) = 6*b(y) - 7*i(y). Give z(7).
1
Let r(j) = 2*j - 7. Let i be r(5). Suppose 0 = 5*m - i*m + 6. Let p(f) = -26*f + 4. Let x(b) = -33*b + 5. Let v(w) = 5*p(w) - 4*x(w). What is v(m)?
-6
Suppose -g - g = 4. Let d(s) = s**2 + s - 1. Let l(y) = 6*y - 25. Let o be l(4). Let n(x) = -2*x**2 - 6*x + 2. Let f(k) = o*n(k) - 4*d(k). Give f(g).
-10
Suppose -4*x - 66 = -5*w - 21, -5*w + 15 = 2*x. Let y(z) = -5*z + 7. Let u(g) = -2*g + 3. Let i(k) = 7*u(k) - 3*y(k). What is i(w)?
5
Let l(t) be the first derivative of t**4/4 - 8*t**3/3 + 6*t + 464. Calculate l(7).
-43
Let v be (-11)/2 - (-1)/(-2). Let i = 7 + v. Let s(q) be the first derivative of q**4/2 - q**3/3 + q + 7. Determine s(i).
2
Let p(k) = 55788*k - 5*k**2 - 55788*k - 2. Give p(2).
-22
Let s(j) = -42*j + 33*j - 13 + 12. Calculate s(-2).
17
Suppose -41*n = -154 - 92. Let d(k) = 3 + 0*k + 3 + 5*k**2 - k**3 + 4*k. What is d(n)?
-6
Let w(s) be the third derivative of s**4/24 + 7*s**3/3 - s**2 - 35*s. Determine w(-12).
2
Let d = -3 - -9. Let l = 347 - 166. Let r(i) = -i**2 - 190 + 7*i + l + 0*i. Calculate r(d).
-3
Let s = 17 + -13. Suppose 2 + 5 = n - 5*u, 4*n + 4*u = s. Let c(b) be the third derivative of b**6/60 - b**5/20 - b**4/24 + b**3/3 + 9*b**2. Determine c(n).
4
Suppose -2*h + q - 88 = 5*q, -q = 3*h + 112. Let j be (-84)/(-105) + h/(-5). Let x(v) = v**2 - 9*v - 2. Give x(j).
-10
Let g be 0/(-9) - (0 + 0). Let m(k) = 5*k - 4 + 1 - 4*k + g*k. Let w be -1 - (0 - (5 + -2)). Calculate m(w).
-1
Let c(i) be the first derivative of -7*i**2/2 + 2*i - 390. Calculate c(-2).
16
Let g be 12/(-8)*(-1)/((-15)/140). Let i(o) = o + 0 + 5 - 5 + 8. Determine i(g).
-6
Let a(u) be the third derivative of -u**4/24 + 2*u**3/3 - 3*u**2. Suppose 2*h = 5 - 1. Let g be 7/h + 1/2. Give a(g).
0
Let i(m) be the first derivative of -m**4/12 + 5*m**3/6 - 18*m - 15. Let c(x) be the first derivative of i(x). Suppose -15 = -o - 2*o. What is c(o)?
0
Let m(x) = x + 9. Let p(d) = d**3 + 29*d**2 + 190*d + 13. Let g be p(-10). What is m(g)?
22
Let f(c) be the third derivative of 0*c - 1/6*c**3 + 0 + 1/60*c**5 - 1/6*c**4 + 3*c**2. Let d = 2 + 1. Determine f(d).
-4
Let u(c) be the second derivative of c**3/3 - 3*c**2/2 + c. Let x = 61 + -60. Let d be ((-3)/(-3)*-1 - 3) + x. Calculate u(d).
-9
Let h(n) be the second derivative of -n**5/20 - n**4/12 - 13*n**2/2 - 154*n. Give h(0).
-13
Let j(i) be the second derivative of -i**8/1680 + i**7/2520 - i**5/120 - 5*i**4/2 - 34*i. Let b(z) be the third derivative of j(z). What is b(-1)?
4
Let t(z) = -z**3 + 6 + 2 - 3*z - 3*z - 8*z**2 - 2 + 1. Give t(-7).
0
Suppose 0 = -5*c + 2 + 3. Let p(t) = 3*t - 11. Let h(g) = g - 4. Let k(a) = -11*h(a) + 4*p(a). Determine k(c).
1
Suppose 7*t + 2*t + 6*t = 3*t. Let l(w) = -4*w - 12. Let h(p) = 5*p + 13. Let m(o) = -5*h(o) - 6*l(o). What is m(t)?
7
Let q be 5/3 - 2/(-6). Let i(k) = 1 - 6*k**2 + 3*k**2 + k**q. Suppose 0 = 100*h - 34 - 166. Calculate i(h).
-7
Let q be (-7)/3*((-15)/(-3) + -2). Let u be 22/5 + q/(140/8). Let d(t) = -t. Calculate d(u).
-4
Let o(y) be the second derivative of 0 - 22*y + 1/2*y**2 - 7/6*y**3. Give o(1).
-6
Let t(h) = -5*h + 9. Let o(w) = -3*w + 5. Let m(l) = 7*o(l) - 4*t(l). Let f be m(5). Let c(g) = -g - 8. Give c(f).
-2
Suppose 0 = 5*a - 25, 3*g + 3*a - 13 = a. Let m(j) = g + 8*j - 9*j + 4. Give m(0).
5
Let w be 4/((-7)/((-84)/8)). Suppose -2*v + 73 = -3*j, -w*j + j - 130 = 5*v. Let c = j + 32. Let x(r) = r**3 - 6*r**2 - 6*r - 5. Give x(c).
2
Let j(r) = r. Let s be (6/(-4))/(6/(-12)). Suppose s - 23 = 5*d. Let z be 8/(-10)*(-10)/d. What is j(z)?
-2
Let n(c) = c + 3*c - c + 3 + 6*c. Let t(s) = 26*s + 8. Let v(k) = 11*n(k) - 4*t(k). Suppose -5*x = 5*i, 4*i + 3*x = x - 2. Determine v(i).
6
Let j(g) = -10*g - 1. Let b be 4 + (5 - 6) + -1. Determine j(b).
-21
Suppose -8*j = -2*j + 12. Let w(c) = c**2 - c - 1. Let b(a) = -8*a**2 + 3*a + 1. Let n(x) = j*w(x) - b(x). What is n(1)?
6
Suppose 5*q + 3*f = 170, -4*q - f = 3*f - 136. Suppose 0 = -3*y - q + 13. Let k(w) = w**2 + 3*w - 9. Calculate k(y).
19
Let l(u) be the first derivative of u**4/4 - 2*u**3/3 + u**2 + u - 57. Determine l(2).
5
Suppose 0 = -4*f - q, -11*f - 12 = -7*f - 2*q. Let y(u) = -8*u - 6. Give y(f).
2
Let g(s) = -8*s**3 - s**2 - s. Let y(i) = -i**3 - i - 1. Let z(b) = -g(b) - y(b). Suppose 0 = 3*c - 9, -443*a + 7 = -444*a + 2*c. Give z(a).
-9
Let r(g) = -g - 9. Suppose 2*s + 3*y = 27, 3*s - 2*y - 2*y + 2 = 0. Suppose -s - 6 = 4*o. Let w be 2 - o*(-8)/12. What is r(w)?
-9
Let x(o) be the third derivative of -o**6/40 + o**4/24 - 3*o**2. Suppose 2*d - 14 = 2*w + 2, -w - 28 = -5*d. Suppose 3*z + d = -2*z. Calculate x(z).
2
Let g = -20 + 23. Suppose 0 = -3*f - 4*c + 24, g*f - 3*c + 2*c - 9 = 0. Let a = -9 + f. Let o(v) = -v**3 - 6*v**2 - 5*v + 5. What is o(a)?
5
Let o(c) = -c**3 + 5*c**2 + 5*c - 8. Suppose 5*r + 96 = 21*r. Calculate o(r).
-14
Suppose 0 = -2*x + 5*x - 60. Let h be (1 - 28/x)*-5. Let p(w) = 7*w - w**h - 7*w - 3. Give p(3).
-12
Let o(d) = -d + 10. Let v(x) = 2. Let c(h) = o(h) - 6*v(h). Give c(7).
-9
Let u be -2*(10/(-30) - (-61)/(-6)). Let j be 2/(-4)*(19 - u). Let r(a) = -8*a. Determine r(j).
-8
Let v(w) be the second derivative of -w**5/20 - w**4/4 - 2*w**3/3 - 3*w**2/2 - 11*w. Let d be v(-2). Let o(i) = 7*i. Determine o(d).
7
Let y be 1 + (3 + 1 - 2). Let d(v) = v**2 - 3*v + y*v + 2 - 4*v. Let z = 45 + -41. Give d(z).
2
Suppose -3*t - 25 = -7. Let g be (-2)/6 - (-32)/6. Let s(c) = 1 - 4 - 2*c - g. Give s(t).
4
Let y = 4 - 3. Let a(b) = b - 3*b - b**2 - 1 + 4*b**2 + 4*b + 2*b**2. Give a(y).
6
Suppose -5*d - 238 = -12*d. Let i = d - 38. Let v(m) = -m**3 - 5*m**2 - 4*m - 2. Calculate v(i).
-2
Let d(n) = -8*n + 11. Let l(p) = -8*p + 13. Let c = -84 - -89. Let h(u) = c*d(u) - 4*l(u). Give h(2).
-13
Let j(h) = 31 + 2*h - 61 + 28. What is j(-6)?
-14
Let h(c) be the third derivative of -c**4/6 - 2*c**2 + 63. Determine h(-1).
4
Suppose j = 2*u + 4*j + 3, -6 = 2*j. Suppose 4*r - 10 - 2 = 0, 3*r = u*c + 9. Suppose 0*m + 2*m = c. Let v(p) = -p. Give v(m).
0
Let l be 118/6 - 3/(-9). Let g = l - 11. Suppose 0 = -4*w - 3*o - 21, -g = -2*w + 4*o + o. Let r(v) = -v**3 - 3*v**2 + 2*v + 2. Determine r(w).
-4
Let w(h) = 5*h. Let z(q) = 24 - 3*q + 3*q - q - q**2 - 25. Let c be z(0). Calculate w(c).
-5
Let m(s) be the second derivative of 1/24*s**4 + 6*s + s**2 + 2/3*s**3 + 0. Let n(l) be the first derivative of m(l). What is n(3)?
7
Let f = 1094 - 1094. Let w(n) be the second derivative of n**3/6 + 7*n**2/2 - 5*n. Determine w(f).
7
Let i be 0 + 0 + (19 - 7). Let o(p) = -15 - i + 21 - 3*p + 4*p. Calculate o(6).
0
Let b(n) = -18*n**3 - 12*n**3 + 6*n + 35*n**3 - 6*n**3 + 13 - 3*n**2 + 0*n**2. What is b(-4)?
5
Let z(l) = -7 + 6536*l + 41 + 3*l**2 - 6547*l + 5 - 4*l**2. What is z(-14)?
-3
Let g = 26 - 24. Let z(s) = -1 + 0 - g*s - 6. What is z(-5)?
3
Let n(k) = 6*k + 25. Suppose 765*j - 771*j - 30 = 0. Give n(j).
-5
Let j(a) = -2*a + 4. Suppose 14*c - 10 = 12*c. Suppose c*r - 2*h = -9, -16 = 5*r + 3*h + 8. Give j(r).
10
Let m(r) = r**3 - 23*r**2 + 23*r - 25. Let f be (110/(-25))/(7/(-35)). Give m(f).
-3
Let v = -3 - -8. Let t = 48 + -44. Let z(w) = w + 3*w + 2 + t*w - 3*w - w**2. Calculate z(v).
2
Let b be ((-28)/(-21))/(4/(-12)). Let l(x) = x**3 + 3*x**2 - 3*x + 5. Give l(b).
1
Suppose 0 = 3*v + j - 12, 2*v - 18 = -4*j - 0*j. Suppose 0 = 2*m + v + 1. Let g be 4/(0 + m)*-2. Let h(c) = -2*c + 5. Calculate h(g).
-3
Let q(t) be the first derivative of -t**5/20 + t**2/2 - 2*t + 18. Let m(z) be the first derivative of q(z). Give m(2).
-7
Let j(u) be the third derivative of u**4/12 + 2*u**3/3 - u**2. Let m = 1620 + -1625. Determine j(m).
-6
Suppose -3*g - 4*l = -2, -5*g = 57*l - 56*l + 8. Let y(p) = 8*p**3 - 3*p - 3. Calculate y(g).
-61
Suppose -3*b - 13 - 49 = -5*w, b + 64 = 5*w. Let j(t) = -t**2 + 14*t - 3. What is j(w)?
10
Let p(q) = -4*q**3 + 2*q**2 - 1. Let m(y) = -y**2 + 2*y + 9. Let d be 4 + (-4 - -4) - 0. Let r be m(d). Calculate p(r).
-3
Let u(x) = x**3 - 8*x + 2. Let y(h) = 2*h**3 + h**2 - 18*h + 5. Let z(o) = -7*u(o) + 3*y(o). Determine z(3).
7
Let l(x) = -x + 3. Suppose -c = c - 8. Let u = c - -1. Suppose 3*z + 10 = 2*q, -q - 1 = -u*z - 6. What is l(z)?
3
Let p(w) be the first derivative of 9*w**2/2 